{"id":3440,"date":"2019-09-16T08:43:18","date_gmt":"2019-09-16T05:43:18","guid":{"rendered":"http:\/\/www.hkp.fi\/?page_id=3440"},"modified":"2025-06-18T14:51:15","modified_gmt":"2025-06-18T11:51:15","slug":"liikenne","status":"publish","type":"page","link":"https:\/\/hkp.fi\/?page_id=3440","title":{"rendered":"Liikenne"},"content":{"rendered":"<p>[et_pb_section fb_built=&#8221;1&#8243; fullwidth=&#8221;on&#8221; _builder_version=&#8221;4.16&#8243; global_colors_info=&#8221;{}&#8221;][et_pb_fullwidth_menu menu_id=&#8221;17&#8243; _builder_version=&#8221;4.16&#8243; global_colors_info=&#8221;{}&#8221;][\/et_pb_fullwidth_menu][\/et_pb_section][et_pb_section fb_built=&#8221;1&#8243; _builder_version=&#8221;4.16&#8243; custom_padding=&#8221;20px||20px||false|false&#8221; global_colors_info=&#8221;{}&#8221;][et_pb_row column_structure=&#8221;1_3,1_3,1_3&#8243; _builder_version=&#8221;4.16&#8243; custom_padding=&#8221;||110px|||&#8221; global_colors_info=&#8221;{}&#8221;][et_pb_column type=&#8221;1_3&#8243; _builder_version=&#8221;4.16&#8243; global_colors_info=&#8221;{}&#8221;][et_pb_text admin_label=&#8221;Main text&#8221; _builder_version=&#8221;4.16&#8243; global_colors_info=&#8221;{}&#8221;]<\/p>\n<h3>Liikenne<\/h3>\n<p>Metroasemia, matkakeskuksia, pys\u00e4k\u00f6intitaloja sek\u00e4 lentoaseman laajennus- ja muutost\u00f6it\u00e4.<\/p>\n<p>[\/et_pb_text][et_pb_divider color=&#8221;#ff7f00&#8243; disabled_on=&#8221;on|on|off&#8221; _builder_version=&#8221;4.16&#8243; global_colors_info=&#8221;{}&#8221;][\/et_pb_divider][et_pb_image src=&#8221;https:\/\/hkp.fi\/wp-content\/uploads\/2025\/06\/Vantaan-ratikka-web-link.jpg&#8221; url=&#8221;@ET-DC@eyJkeW5hbWljIjp0cnVlLCJjb250ZW50IjoicG9zdF9saW5rX3VybF9wcm9qZWN0Iiwic2V0dGluZ3MiOnsicG9zdF9pZCI6IjQ1NjIifX0=@&#8221; show_bottom_space=&#8221;off&#8221; admin_label=&#8221;Airport&#8221; _builder_version=&#8221;4.27.4&#8243; _dynamic_attributes=&#8221;url&#8221; transform_origin=&#8221;50%|100%&#8221; custom_padding=&#8221;10px||10px||true|false&#8221; animation_style=&#8221;zoom&#8221; animation_direction=&#8221;bottom&#8221; animation_intensity_zoom=&#8221;10%&#8221; hover_enabled=&#8221;0&#8243; global_colors_info=&#8221;{}&#8221; transform_styles__hover_enabled=&#8221;on|hover&#8221; transform_scale__hover_enabled=&#8221;on|hover&#8221; transform_translate__hover_enabled=&#8221;on|desktop&#8221; transform_rotate__hover_enabled=&#8221;on|desktop&#8221; transform_skew__hover_enabled=&#8221;on|desktop&#8221; transform_origin__hover_enabled=&#8221;on|desktop&#8221; transform_scale__hover=&#8221;105%|105%&#8221; transform_origin__hover=&#8221;50%|100%&#8221; title_text=&#8221;Vantaan ratikka&#8221; sticky_enabled=&#8221;0&#8243;][\/et_pb_image][et_pb_text admin_label=&#8221;Text airport&#8221; _builder_version=&#8221;4.27.4&#8243; hover_enabled=&#8221;0&#8243; global_colors_info=&#8221;{}&#8221; sticky_enabled=&#8221;0&#8243;]<\/p>\n<h5>Vantaan ratikka<\/h5>\n<p>[\/et_pb_text][et_pb_image src=&#8221;https:\/\/hkp.fi\/wp-content\/uploads\/2019\/09\/Airport4-link.jpg&#8221; url=&#8221;@ET-DC@eyJkeW5hbWljIjp0cnVlLCJjb250ZW50IjoicG9zdF9saW5rX3VybF9wcm9qZWN0Iiwic2V0dGluZ3MiOnsicG9zdF9pZCI6IjQ4MzUifX0=@&#8221; show_bottom_space=&#8221;off&#8221; admin_label=&#8221;Airport&#8221; _builder_version=&#8221;4.24.2&#8243; _dynamic_attributes=&#8221;url&#8221; transform_origin=&#8221;50%|100%&#8221; custom_padding=&#8221;10px||10px||true|false&#8221; animation_style=&#8221;zoom&#8221; animation_direction=&#8221;bottom&#8221; animation_intensity_zoom=&#8221;10%&#8221; global_colors_info=&#8221;{}&#8221; transform_styles__hover_enabled=&#8221;on|hover&#8221; transform_scale__hover_enabled=&#8221;on|hover&#8221; transform_translate__hover_enabled=&#8221;on|desktop&#8221; transform_rotate__hover_enabled=&#8221;on|desktop&#8221; transform_skew__hover_enabled=&#8221;on|desktop&#8221; transform_origin__hover_enabled=&#8221;on|desktop&#8221; transform_scale__hover=&#8221;105%|105%&#8221; transform_origin__hover=&#8221;50%|100%&#8221;][\/et_pb_image][et_pb_text admin_label=&#8221;Text airport&#8221; _builder_version=&#8221;4.16&#8243; global_colors_info=&#8221;{}&#8221;]<\/p>\n<h5>Helsinki-Vantaan lentoasema<\/h5>\n<p>[\/et_pb_text][et_pb_image src=&#8221;https:\/\/hkp.fi\/wp-content\/uploads\/2019\/09\/Kivenlahti_viistokuva-koillisesta-link.jpg&#8221; url=&#8221;@ET-DC@eyJkeW5hbWljIjp0cnVlLCJjb250ZW50IjoicG9zdF9saW5rX3VybF9wcm9qZWN0Iiwic2V0dGluZ3MiOnsicG9zdF9pZCI6IjI1OTAifX0=@&#8221; show_bottom_space=&#8221;off&#8221; admin_label=&#8221;Kivenlahti&#8221; _builder_version=&#8221;4.16&#8243; _dynamic_attributes=&#8221;url&#8221; transform_origin=&#8221;50%|100%&#8221; custom_padding=&#8221;10px||10px||true|false&#8221; animation_style=&#8221;zoom&#8221; animation_direction=&#8221;bottom&#8221; animation_intensity_zoom=&#8221;10%&#8221; global_colors_info=&#8221;{}&#8221; transform_styles__hover_enabled=&#8221;on|hover&#8221; transform_scale__hover_enabled=&#8221;on|hover&#8221; transform_translate__hover_enabled=&#8221;on|desktop&#8221; transform_rotate__hover_enabled=&#8221;on|desktop&#8221; transform_skew__hover_enabled=&#8221;on|desktop&#8221; transform_origin__hover_enabled=&#8221;on|desktop&#8221; transform_scale__hover=&#8221;105%|105%&#8221; transform_origin__hover=&#8221;50%|100%&#8221;][\/et_pb_image][et_pb_text admin_label=&#8221;Text Kivenlahti&#8221; _builder_version=&#8221;4.16&#8243; custom_padding=&#8221;2px||1px|||&#8221; global_colors_info=&#8221;{}&#8221;]<\/p>\n<h5>Kivenlahden metrokeskus<\/h5>\n<p>[\/et_pb_text][et_pb_image src=&#8221;https:\/\/hkp.fi\/wp-content\/uploads\/2015\/06\/Tappy_web-1200&#215;1200.jpg&#8221; url=&#8221;@ET-DC@eyJkeW5hbWljIjp0cnVlLCJjb250ZW50IjoicG9zdF9saW5rX3VybF9wcm9qZWN0Iiwic2V0dGluZ3MiOnsicG9zdF9pZCI6IjE0MTgifX0=@&#8221; show_bottom_space=&#8221;off&#8221; admin_label=&#8221;TAPPY&#8221; _builder_version=&#8221;4.16&#8243; _dynamic_attributes=&#8221;url&#8221; transform_origin=&#8221;50%|100%&#8221; custom_padding=&#8221;10px||10px||true|false&#8221; animation_style=&#8221;zoom&#8221; animation_direction=&#8221;bottom&#8221; animation_intensity_zoom=&#8221;10%&#8221; global_colors_info=&#8221;{}&#8221; transform_styles__hover_enabled=&#8221;on|hover&#8221; transform_scale__hover_enabled=&#8221;on|hover&#8221; transform_translate__hover_enabled=&#8221;on|desktop&#8221; transform_rotate__hover_enabled=&#8221;on|desktop&#8221; transform_skew__hover_enabled=&#8221;on|desktop&#8221; transform_origin__hover_enabled=&#8221;on|desktop&#8221; transform_scale__hover=&#8221;105%|105%&#8221; transform_origin__hover=&#8221;50%|100%&#8221;][\/et_pb_image][et_pb_text admin_label=&#8221;Text TAPPY&#8221; _builder_version=&#8221;4.16&#8243; custom_padding=&#8221;2px||1px|||&#8221; global_colors_info=&#8221;{}&#8221;]<\/p>\n<h5>Tapionaukion pys\u00e4k\u00f6inti<\/h5>\n<p>[\/et_pb_text][et_pb_image src=&#8221;https:\/\/hkp.fi\/wp-content\/uploads\/2015\/06\/PasilanAsema_rpt_090410-1600&#215;1200.jpg&#8221; url=&#8221;@ET-DC@eyJkeW5hbWljIjp0cnVlLCJjb250ZW50IjoicG9zdF9saW5rX3VybF9wcm9qZWN0Iiwic2V0dGluZ3MiOnsicG9zdF9pZCI6IjE3NDkifX0=@&#8221; show_bottom_space=&#8221;off&#8221; admin_label=&#8221;Pasila&#8221; _builder_version=&#8221;4.16&#8243; _dynamic_attributes=&#8221;url&#8221; transform_origin=&#8221;50%|100%&#8221; custom_padding=&#8221;10px||10px||true|false&#8221; animation_style=&#8221;zoom&#8221; animation_direction=&#8221;bottom&#8221; animation_intensity_zoom=&#8221;10%&#8221; global_colors_info=&#8221;{}&#8221; transform_styles__hover_enabled=&#8221;on|hover&#8221; transform_scale__hover_enabled=&#8221;on|hover&#8221; transform_translate__hover_enabled=&#8221;on|desktop&#8221; transform_rotate__hover_enabled=&#8221;on|desktop&#8221; transform_skew__hover_enabled=&#8221;on|desktop&#8221; transform_origin__hover_enabled=&#8221;on|desktop&#8221; transform_scale__hover=&#8221;105%|105%&#8221; transform_origin__hover=&#8221;50%|100%&#8221;][\/et_pb_image][et_pb_text admin_label=&#8221;Text Pasila&#8221; _builder_version=&#8221;4.16&#8243; custom_padding=&#8221;0px||1px|||&#8221; global_colors_info=&#8221;{}&#8221;]<\/p>\n<h5>Keski-Pasila<\/h5>\n<p>[\/et_pb_text][et_pb_image src=&#8221;https:\/\/hkp.fi\/wp-content\/uploads\/2015\/06\/Matkakeskus-platform-1597&#215;1200.jpg&#8221; url=&#8221;@ET-DC@eyJkeW5hbWljIjp0cnVlLCJjb250ZW50IjoicG9zdF9saW5rX3VybF9wcm9qZWN0Iiwic2V0dGluZ3MiOnsicG9zdF9pZCI6IjE3MTUifX0=@&#8221; show_bottom_space=&#8221;off&#8221; admin_label=&#8221;Riihim\u00e4ki&#8221; _builder_version=&#8221;4.16&#8243; _dynamic_attributes=&#8221;url&#8221; transform_origin=&#8221;50%|100%&#8221; custom_padding=&#8221;10px||10px||true|false&#8221; animation_style=&#8221;zoom&#8221; animation_direction=&#8221;bottom&#8221; animation_intensity_zoom=&#8221;10%&#8221; global_colors_info=&#8221;{}&#8221; transform_styles__hover_enabled=&#8221;on|hover&#8221; transform_scale__hover_enabled=&#8221;on|hover&#8221; transform_translate__hover_enabled=&#8221;on|desktop&#8221; transform_rotate__hover_enabled=&#8221;on|desktop&#8221; transform_skew__hover_enabled=&#8221;on|desktop&#8221; transform_origin__hover_enabled=&#8221;on|desktop&#8221; transform_scale__hover=&#8221;105%|105%&#8221; transform_origin__hover=&#8221;50%|100%&#8221;][\/et_pb_image][et_pb_text admin_label=&#8221;Text Riihim\u00e4ki&#8221; _builder_version=&#8221;4.16&#8243; custom_padding=&#8221;0px||1px|||&#8221; global_colors_info=&#8221;{}&#8221;]<\/p>\n<h5>Riihim\u00e4en matkakeskus<\/h5>\n<p>[\/et_pb_text][\/et_pb_column][et_pb_column type=&#8221;1_3&#8243; _builder_version=&#8221;4.16&#8243; global_colors_info=&#8221;{}&#8221;][et_pb_image src=&#8221;https:\/\/hkp.fi\/wp-content\/uploads\/2021\/01\/MAK-L-6-link.jpg&#8221; url=&#8221;@ET-DC@eyJkeW5hbWljIjp0cnVlLCJjb250ZW50IjoicG9zdF9saW5rX3VybF9wcm9qZWN0Iiwic2V0dGluZ3MiOnsicG9zdF9pZCI6IjQzMDUifX0=@&#8221; show_bottom_space=&#8221;off&#8221; admin_label=&#8221;MAK-L&#8221; _builder_version=&#8221;4.16&#8243; _dynamic_attributes=&#8221;url&#8221; transform_origin=&#8221;50%|100%&#8221; custom_padding=&#8221;10px||10px||true|false&#8221; animation_style=&#8221;zoom&#8221; animation_direction=&#8221;bottom&#8221; animation_intensity_zoom=&#8221;10%&#8221; global_colors_info=&#8221;{}&#8221; transform_styles__hover_enabled=&#8221;on|hover&#8221; transform_scale__hover_enabled=&#8221;on|hover&#8221; transform_translate__hover_enabled=&#8221;on|desktop&#8221; transform_rotate__hover_enabled=&#8221;on|desktop&#8221; transform_skew__hover_enabled=&#8221;on|desktop&#8221; transform_origin__hover_enabled=&#8221;on|desktop&#8221; transform_scale__hover=&#8221;105%|105%&#8221; transform_origin__hover=&#8221;50%|100%&#8221;][\/et_pb_image][et_pb_text admin_label=&#8221;Text MAK-L&#8221; _builder_version=&#8221;4.16&#8243; global_colors_info=&#8221;{}&#8221;]<\/p>\n<h5>Matinkyl\u00e4n metroaseman l\u00e4ntinen sis\u00e4\u00e4nk\u00e4ynti<\/h5>\n<p>[\/et_pb_text][et_pb_image src=&#8221;https:\/\/hkp.fi\/wp-content\/uploads\/2016\/10\/HKP-\u00c2\u00a9-Kari-Palsila-081-900&#215;1200.jpg&#8221; url=&#8221;@ET-DC@eyJkeW5hbWljIjp0cnVlLCJjb250ZW50IjoicG9zdF9saW5rX3VybF9wcm9qZWN0Iiwic2V0dGluZ3MiOnsicG9zdF9pZCI6IjE0MDgifX0=@&#8221; show_bottom_space=&#8221;off&#8221; admin_label=&#8221;TKP&#8221; _builder_version=&#8221;4.16&#8243; _dynamic_attributes=&#8221;url&#8221; transform_origin=&#8221;50%|100%&#8221; custom_padding=&#8221;10px||10px||true|false&#8221; animation_style=&#8221;zoom&#8221; animation_direction=&#8221;bottom&#8221; animation_intensity_zoom=&#8221;10%&#8221; global_colors_info=&#8221;{}&#8221; transform_styles__hover_enabled=&#8221;on|hover&#8221; transform_scale__hover_enabled=&#8221;on|hover&#8221; transform_translate__hover_enabled=&#8221;on|desktop&#8221; transform_rotate__hover_enabled=&#8221;on|desktop&#8221; transform_skew__hover_enabled=&#8221;on|desktop&#8221; transform_origin__hover_enabled=&#8221;on|desktop&#8221; transform_scale__hover=&#8221;105%|105%&#8221; transform_origin__hover=&#8221;50%|100%&#8221;][\/et_pb_image][et_pb_text admin_label=&#8221;Text TKP&#8221; _builder_version=&#8221;4.16&#8243; global_colors_info=&#8221;{}&#8221;]<\/p>\n<h5>Tapiolan keskuspys\u00e4k\u00f6inti<\/h5>\n<p>[\/et_pb_text][et_pb_image src=&#8221;https:\/\/hkp.fi\/wp-content\/uploads\/2015\/06\/DSC3494-Panorama-1089&#215;1200.jpg&#8221; url=&#8221;@ET-DC@eyJkeW5hbWljIjp0cnVlLCJjb250ZW50IjoicG9zdF9saW5rX3VybF9wcm9qZWN0Iiwic2V0dGluZ3MiOnsicG9zdF9pZCI6IjEzMjMifX0=@&#8221; show_bottom_space=&#8221;off&#8221; admin_label=&#8221;Matinkyl\u00e4 Mk&#8221; _builder_version=&#8221;4.16&#8243; _dynamic_attributes=&#8221;url&#8221; transform_origin=&#8221;50%|100%&#8221; custom_padding=&#8221;10px||10px||true|false&#8221; animation_style=&#8221;zoom&#8221; animation_direction=&#8221;bottom&#8221; animation_intensity_zoom=&#8221;10%&#8221; global_colors_info=&#8221;{}&#8221; transform_styles__hover_enabled=&#8221;on|hover&#8221; transform_scale__hover_enabled=&#8221;on|hover&#8221; transform_translate__hover_enabled=&#8221;on|desktop&#8221; transform_rotate__hover_enabled=&#8221;on|desktop&#8221; transform_skew__hover_enabled=&#8221;on|desktop&#8221; transform_origin__hover_enabled=&#8221;on|desktop&#8221; transform_scale__hover=&#8221;105%|105%&#8221; transform_origin__hover=&#8221;50%|100%&#8221;][\/et_pb_image][et_pb_text admin_label=&#8221;Text Matinkyl\u00e4 Mk&#8221; _builder_version=&#8221;4.16&#8243; custom_padding=&#8221;0px||1px|||&#8221; global_colors_info=&#8221;{}&#8221;]<\/p>\n<h5>Matinkyl\u00e4n metrokeskus<\/h5>\n<p>[\/et_pb_text][et_pb_image src=&#8221;https:\/\/hkp.fi\/wp-content\/uploads\/2015\/06\/JOP_Pihan\u00e4kym\u00e4_131017.jpg&#8221; url=&#8221;@ET-DC@eyJkeW5hbWljIjp0cnVlLCJjb250ZW50IjoicG9zdF9saW5rX3VybF9wcm9qZWN0Iiwic2V0dGluZ3MiOnsicG9zdF9pZCI6IjEzOTkifX0=@&#8221; show_bottom_space=&#8221;off&#8221; admin_label=&#8221;Jousenpuisto&#8221; _builder_version=&#8221;4.16&#8243; _dynamic_attributes=&#8221;url&#8221; transform_origin=&#8221;50%|100%&#8221; custom_padding=&#8221;10px||10px||true|false&#8221; animation_style=&#8221;zoom&#8221; animation_direction=&#8221;bottom&#8221; animation_intensity_zoom=&#8221;10%&#8221; global_colors_info=&#8221;{}&#8221; transform_styles__hover_enabled=&#8221;on|hover&#8221; transform_scale__hover_enabled=&#8221;on|hover&#8221; transform_translate__hover_enabled=&#8221;on|desktop&#8221; transform_rotate__hover_enabled=&#8221;on|desktop&#8221; transform_skew__hover_enabled=&#8221;on|desktop&#8221; transform_origin__hover_enabled=&#8221;on|desktop&#8221; transform_scale__hover=&#8221;105%|105%&#8221; transform_origin__hover=&#8221;50%|100%&#8221;][\/et_pb_image][et_pb_text admin_label=&#8221;Text Jousenpuisto &#8221; _builder_version=&#8221;4.16&#8243; custom_padding=&#8221;0px||1px|||&#8221; global_colors_info=&#8221;{}&#8221;]<\/p>\n<h5>Jousenpuiston pys\u00e4k\u00f6intitalo<\/h5>\n<p>[\/et_pb_text][et_pb_image src=&#8221;https:\/\/hkp.fi\/wp-content\/uploads\/2015\/09\/l\u00e4nsisatama-5_web-1920&#215;1200.jpg&#8221; url=&#8221;@ET-DC@eyJkeW5hbWljIjp0cnVlLCJjb250ZW50IjoicG9zdF9saW5rX3VybF9wcm9qZWN0Iiwic2V0dGluZ3MiOnsicG9zdF9pZCI6IjIwNTQifX0=@&#8221; show_bottom_space=&#8221;off&#8221; admin_label=&#8221;L\u00e4nsisatama&#8221; _builder_version=&#8221;4.16&#8243; _dynamic_attributes=&#8221;url&#8221; transform_origin=&#8221;50%|100%&#8221; custom_padding=&#8221;10px||10px||true|false&#8221; animation_style=&#8221;zoom&#8221; animation_direction=&#8221;bottom&#8221; animation_intensity_zoom=&#8221;10%&#8221; global_colors_info=&#8221;{}&#8221; transform_styles__hover_enabled=&#8221;on|hover&#8221; transform_scale__hover_enabled=&#8221;on|hover&#8221; transform_translate__hover_enabled=&#8221;on|desktop&#8221; transform_rotate__hover_enabled=&#8221;on|desktop&#8221; transform_skew__hover_enabled=&#8221;on|desktop&#8221; transform_origin__hover_enabled=&#8221;on|desktop&#8221; transform_scale__hover=&#8221;105%|105%&#8221; transform_origin__hover=&#8221;50%|100%&#8221;][\/et_pb_image][et_pb_text admin_label=&#8221;Text L\u00e4nsisatama&#8221; _builder_version=&#8221;4.16&#8243; custom_padding=&#8221;0px||1px|||&#8221; global_colors_info=&#8221;{}&#8221;]<\/p>\n<h5>L\u00e4nsisatama 2020<\/h5>\n<p>[\/et_pb_text][\/et_pb_column][et_pb_column type=&#8221;1_3&#8243; _builder_version=&#8221;4.16&#8243; global_colors_info=&#8221;{}&#8221;][et_pb_image src=&#8221;https:\/\/hkp.fi\/wp-content\/uploads\/2015\/03\/MAK-porrasaula-1195&#215;1200.jpg&#8221; url=&#8221;@ET-DC@eyJkeW5hbWljIjp0cnVlLCJjb250ZW50IjoicG9zdF9saW5rX3VybF9wcm9qZWN0Iiwic2V0dGluZ3MiOnsicG9zdF9pZCI6Ijg2MyJ9fQ==@&#8221; show_bottom_space=&#8221;off&#8221; admin_label=&#8221;LM MAK&#8221; _builder_version=&#8221;4.16&#8243; _dynamic_attributes=&#8221;url&#8221; transform_origin=&#8221;50%|100%&#8221; custom_padding=&#8221;10px||10px||true|false&#8221; animation_style=&#8221;zoom&#8221; animation_direction=&#8221;bottom&#8221; animation_intensity_zoom=&#8221;10%&#8221; global_colors_info=&#8221;{}&#8221; transform_styles__hover_enabled=&#8221;on|hover&#8221; transform_scale__hover_enabled=&#8221;on|hover&#8221; transform_translate__hover_enabled=&#8221;on|desktop&#8221; transform_rotate__hover_enabled=&#8221;on|desktop&#8221; transform_skew__hover_enabled=&#8221;on|desktop&#8221; transform_origin__hover_enabled=&#8221;on|desktop&#8221; transform_scale__hover=&#8221;105%|105%&#8221; transform_origin__hover=&#8221;50%|100%&#8221;][\/et_pb_image][et_pb_text admin_label=&#8221;Text mak &#8221; _builder_version=&#8221;4.16&#8243; global_colors_info=&#8221;{}&#8221;]<\/p>\n<h5>Matinkyl\u00e4n metroasema<\/h5>\n<p>[\/et_pb_text][et_pb_image src=&#8221;https:\/\/hkp.fi\/wp-content\/uploads\/2015\/03\/Urheilupuisto-29-1195&#215;1200.jpg&#8221; url=&#8221;@ET-DC@eyJkeW5hbWljIjp0cnVlLCJjb250ZW50IjoicG9zdF9saW5rX3VybF9wcm9qZWN0Iiwic2V0dGluZ3MiOnsicG9zdF9pZCI6IjcyMSJ9fQ==@&#8221; show_bottom_space=&#8221;off&#8221; admin_label=&#8221;LM URP&#8221; _builder_version=&#8221;4.16&#8243; _dynamic_attributes=&#8221;url&#8221; transform_origin=&#8221;50%|100%&#8221; custom_padding=&#8221;10px||10px||true|false&#8221; animation_style=&#8221;zoom&#8221; animation_direction=&#8221;bottom&#8221; animation_intensity_zoom=&#8221;10%&#8221; global_colors_info=&#8221;{}&#8221; transform_styles__hover_enabled=&#8221;on|hover&#8221; transform_scale__hover_enabled=&#8221;on|hover&#8221; transform_translate__hover_enabled=&#8221;on|desktop&#8221; transform_rotate__hover_enabled=&#8221;on|desktop&#8221; transform_skew__hover_enabled=&#8221;on|desktop&#8221; transform_origin__hover_enabled=&#8221;on|desktop&#8221; transform_scale__hover=&#8221;105%|105%&#8221; transform_origin__hover=&#8221;50%|100%&#8221;][\/et_pb_image][et_pb_text admin_label=&#8221;Text urp&#8221; _builder_version=&#8221;4.16&#8243; global_colors_info=&#8221;{}&#8221;]<\/p>\n<h5>Urheilupuiston metroasema<\/h5>\n<p>[\/et_pb_text][et_pb_image src=&#8221;https:\/\/hkp.fi\/wp-content\/uploads\/2015\/03\/NIK-porrasaula-1405&#215;1200.jpg&#8221; url=&#8221;@ET-DC@eyJkeW5hbWljIjp0cnVlLCJjb250ZW50IjoicG9zdF9saW5rX3VybF9wcm9qZWN0Iiwic2V0dGluZ3MiOnsicG9zdF9pZCI6Ijg1OSJ9fQ==@&#8221; show_bottom_space=&#8221;off&#8221; admin_label=&#8221;LM NIK&#8221; _builder_version=&#8221;4.16&#8243; _dynamic_attributes=&#8221;url&#8221; transform_origin=&#8221;50%|100%&#8221; custom_padding=&#8221;10px||10px||true|false&#8221; animation_style=&#8221;zoom&#8221; animation_direction=&#8221;bottom&#8221; animation_intensity_zoom=&#8221;10%&#8221; global_colors_info=&#8221;{}&#8221; transform_styles__hover_enabled=&#8221;on|hover&#8221; transform_scale__hover_enabled=&#8221;on|hover&#8221; transform_translate__hover_enabled=&#8221;on|desktop&#8221; transform_rotate__hover_enabled=&#8221;on|desktop&#8221; transform_skew__hover_enabled=&#8221;on|desktop&#8221; transform_origin__hover_enabled=&#8221;on|desktop&#8221; transform_scale__hover=&#8221;105%|105%&#8221; transform_origin__hover=&#8221;50%|100%&#8221;][\/et_pb_image][et_pb_text admin_label=&#8221;Text nik&#8221; _builder_version=&#8221;4.16&#8243; custom_padding=&#8221;0px||1px|||&#8221; global_colors_info=&#8221;{}&#8221;]<\/p>\n<h5>Niittykummun\u00a0metroasema<\/h5>\n<p>[\/et_pb_text][et_pb_image src=&#8221;https:\/\/hkp.fi\/wp-content\/uploads\/2015\/06\/Pisara_map-900&#215;1200.jpg&#8221; url=&#8221;@ET-DC@eyJkeW5hbWljIjp0cnVlLCJjb250ZW50IjoicG9zdF9saW5rX3VybF9wcm9qZWN0Iiwic2V0dGluZ3MiOnsicG9zdF9pZCI6IjE0OTcifX0=@&#8221; show_bottom_space=&#8221;off&#8221; admin_label=&#8221;Pisara&#8221; _builder_version=&#8221;4.16&#8243; _dynamic_attributes=&#8221;url&#8221; transform_origin=&#8221;50%|100%&#8221; custom_padding=&#8221;10px||10px||true|false&#8221; animation_style=&#8221;zoom&#8221; animation_direction=&#8221;bottom&#8221; animation_intensity_zoom=&#8221;10%&#8221; global_colors_info=&#8221;{}&#8221; transform_styles__hover_enabled=&#8221;on|hover&#8221; transform_scale__hover_enabled=&#8221;on|hover&#8221; transform_translate__hover_enabled=&#8221;on|desktop&#8221; transform_rotate__hover_enabled=&#8221;on|desktop&#8221; transform_skew__hover_enabled=&#8221;on|desktop&#8221; transform_origin__hover_enabled=&#8221;on|desktop&#8221; transform_scale__hover=&#8221;105%|105%&#8221; transform_origin__hover=&#8221;50%|100%&#8221;][\/et_pb_image][et_pb_text admin_label=&#8221;Text Pisara&#8221; _builder_version=&#8221;4.16&#8243; custom_padding=&#8221;0px||1px|||&#8221; global_colors_info=&#8221;{}&#8221;]<\/p>\n<h5>Pisara-rata<\/h5>\n<p>[\/et_pb_text][et_pb_image src=&#8221;https:\/\/hkp.fi\/wp-content\/uploads\/2015\/09\/Itametro_Ve2_2_web-1786&#215;1200.jpg&#8221; url=&#8221;@ET-DC@eyJkeW5hbWljIjp0cnVlLCJjb250ZW50IjoicG9zdF9saW5rX3VybF9wcm9qZWN0Iiwic2V0dGluZ3MiOnsicG9zdF9pZCI6IjIwNDAifX0=@&#8221; show_bottom_space=&#8221;off&#8221; admin_label=&#8221;It\u00e4metro&#8221; _builder_version=&#8221;4.16&#8243; _dynamic_attributes=&#8221;url&#8221; transform_origin=&#8221;50%|100%&#8221; custom_padding=&#8221;10px||10px||true|false&#8221; animation_style=&#8221;zoom&#8221; animation_direction=&#8221;bottom&#8221; animation_intensity_zoom=&#8221;10%&#8221; global_colors_info=&#8221;{}&#8221; transform_styles__hover_enabled=&#8221;on|hover&#8221; transform_scale__hover_enabled=&#8221;on|hover&#8221; transform_translate__hover_enabled=&#8221;on|desktop&#8221; transform_rotate__hover_enabled=&#8221;on|desktop&#8221; transform_skew__hover_enabled=&#8221;on|desktop&#8221; transform_origin__hover_enabled=&#8221;on|desktop&#8221; transform_scale__hover=&#8221;105%|105%&#8221; transform_origin__hover=&#8221;50%|100%&#8221;][\/et_pb_image][et_pb_text admin_label=&#8221;Text It\u00e4metro&#8221; _builder_version=&#8221;4.16&#8243; custom_padding=&#8221;0px||1px|||&#8221; global_colors_info=&#8221;{}&#8221;]<\/p>\n<h5>It\u00e4metro<\/h5>\n<p>[\/et_pb_text][et_pb_divider show_divider=&#8221;off&#8221; _builder_version=&#8221;4.16&#8243; custom_padding=&#8221;50px||||false|false&#8221; global_colors_info=&#8221;{}&#8221;][\/et_pb_divider][\/et_pb_column][\/et_pb_row][\/et_pb_section][et_pb_section fb_built=&#8221;1&#8243; disabled_on=&#8221;on|on|on&#8221; _builder_version=&#8221;4.16&#8243; disabled=&#8221;on&#8221; global_colors_info=&#8221;{}&#8221;][et_pb_row column_structure=&#8221;3_4,1_4&#8243; _builder_version=&#8221;4.16&#8243; global_colors_info=&#8221;{}&#8221;][et_pb_column type=&#8221;3_4&#8243; _builder_version=&#8221;4.16&#8243; global_colors_info=&#8221;{}&#8221;][et_pb_portfolio posts_number=&#8221;20&#8243; include_categories=&#8221;9&#8243; show_categories=&#8221;off&#8221; show_pagination=&#8221;off&#8221; _builder_version=&#8221;4.16&#8243; title_text_align=&#8221;left&#8221; title_text_align_last_edited=&#8221;off|desktop&#8221; border_radii_image=&#8221;off||||&#8221; global_colors_info=&#8221;{}&#8221;][\/et_pb_portfolio][\/et_pb_column][et_pb_column type=&#8221;1_4&#8243; _builder_version=&#8221;4.16&#8243; global_colors_info=&#8221;{}&#8221;][et_pb_text _builder_version=&#8221;4.16&#8243; global_colors_info=&#8221;{}&#8221;]<\/p>\n<h3>Liikenteen tilaa<\/h3>\n<p>Tilat liikkua kattavat liikenteen solmukohtien rakennushankkeita liikkuvien ihmisten tarpeisiin niin maalla, vesill\u00e4 kuin ilmassa.<\/p>\n<p>[\/et_pb_text][\/et_pb_column][\/et_pb_row][\/et_pb_section]<\/p>\n","protected":false},"excerpt":{"rendered":"<p>Liikenne Metroasemia, matkakeskuksia, pys\u00e4k\u00f6intitaloja sek\u00e4 lentoaseman laajennus- ja muutost\u00f6it\u00e4.Vantaan ratikkaHelsinki-Vantaan lentoasemaKivenlahden metrokeskusTapionaukion pys\u00e4k\u00f6intiKeski-PasilaRiihim\u00e4en matkakeskusMatinkyl\u00e4n metroaseman l\u00e4ntinen sis\u00e4\u00e4nk\u00e4yntiTapiolan keskuspys\u00e4k\u00f6intiMatinkyl\u00e4n metrokeskusJousenpuiston pys\u00e4k\u00f6intitaloL\u00e4nsisatama 2020Matinkyl\u00e4n metroasemaUrheilupuiston metroasemaNiittykummun\u00a0metroasemaPisara-rataIt\u00e4metroLiikenteen tilaa Tilat liikkua kattavat liikenteen solmukohtien rakennushankkeita liikkuvien ihmisten tarpeisiin niin maalla, vesill\u00e4 kuin ilmassa.<\/p>\n","protected":false},"author":1,"featured_media":0,"parent":0,"menu_order":6,"comment_status":"closed","ping_status":"closed","template":"","meta":{"_et_pb_use_builder":"on","_et_pb_old_content":"","_et_gb_content_width":"","footnotes":""},"class_list":["post-3440","page","type-page","status-publish","hentry"],"_links":{"self":[{"href":"https:\/\/hkp.fi\/index.php?rest_route=\/wp\/v2\/pages\/3440","targetHints":{"allow":["GET"]}}],"collection":[{"href":"https:\/\/hkp.fi\/index.php?rest_route=\/wp\/v2\/pages"}],"about":[{"href":"https:\/\/hkp.fi\/index.php?rest_route=\/wp\/v2\/types\/page"}],"author":[{"embeddable":true,"href":"https:\/\/hkp.fi\/index.php?rest_route=\/wp\/v2\/users\/1"}],"replies":[{"embeddable":true,"href":"https:\/\/hkp.fi\/index.php?rest_route=%2Fwp%2Fv2%2Fcomments&post=3440"}],"version-history":[{"count":13,"href":"https:\/\/hkp.fi\/index.php?rest_route=\/wp\/v2\/pages\/3440\/revisions"}],"predecessor-version":[{"id":5041,"href":"https:\/\/hkp.fi\/index.php?rest_route=\/wp\/v2\/pages\/3440\/revisions\/5041"}],"wp:attachment":[{"href":"https:\/\/hkp.fi\/index.php?rest_route=%2Fwp%2Fv2%2Fmedia&parent=3440"}],"curies":[{"name":"wp","href":"https:\/\/api.w.org\/{rel}","templated":true}]}}