{"id":2079,"date":"2015-09-30T17:12:12","date_gmt":"2015-09-30T14:12:12","guid":{"rendered":"http:\/\/www.hkp.fi\/?page_id=2079"},"modified":"2019-09-16T10:04:39","modified_gmt":"2019-09-16T07:04:39","slug":"portfolio","status":"publish","type":"page","link":"https:\/\/hkp.fi\/?page_id=2079","title":{"rendered":"portfolio"},"content":{"rendered":"<p>[et_pb_section fb_built=&#8221;1&#8243; _builder_version=&#8221;3.28&#8243; fb_built=&#8221;1&#8243; _i=&#8221;0&#8243; _address=&#8221;0&#8243;][et_pb_row _builder_version=&#8221;3.28&#8243; _i=&#8221;0&#8243; _address=&#8221;0.0&#8243;][et_pb_column type=&#8221;4_4&#8243; _builder_version=&#8221;3.28&#8243; _i=&#8221;0&#8243; _address=&#8221;0.0.0&#8243;][et_pb_filterable_portfolio fullwidth=&#8221;off&#8221; posts_number=&#8221;8&#8243; include_categories=&#8221;15,14,13,7,9,6,11&#8243; show_categories=&#8221;off&#8221; _builder_version=&#8221;3.28&#8243; title_font_size=&#8221;14px&#8221; hover_enabled=&#8221;0&#8243; _i=&#8221;0&#8243; _address=&#8221;0.0.0.0&#8243;][\/et_pb_filterable_portfolio][\/et_pb_column][\/et_pb_row][\/et_pb_section][et_pb_section fb_built=&#8221;1&#8243; inner_shadow=&#8221;on&#8221; fullwidth=&#8221;on&#8221; custom_padding_last_edited=&#8221;on|desktop&#8221; admin_label=&#8221;section&#8221; _builder_version=&#8221;3.22&#8243; background_color=&#8221;#fcf9f6&#8243; custom_padding_tablet=&#8221;50px|0|50px|0&#8243; transparent_background=&#8221;off&#8221; padding_mobile=&#8221;off&#8221; make_fullwidth=&#8221;off&#8221; use_custom_width=&#8221;off&#8221; width_unit=&#8221;on&#8221; collapsed=&#8221;off&#8221; fb_built=&#8221;1&#8243; _i=&#8221;2&#8243; _address=&#8221;2&#8243;][et_pb_fullwidth_header title=&#8221;Kohdelistaus&#8221; content_max_width=&#8221;none&#8221; admin_label=&#8221;Fullwidth Header list&#8221; module_id=&#8221;works-lis&#8221; _builder_version=&#8221;3.28&#8243; title_font=&#8221;Open Sans Light||||&#8221; background_color=&#8221;rgba(255, 255, 255, 0)&#8221; background_layout=&#8221;light&#8221; hover_enabled=&#8221;0&#8243; button_one_letter_spacing_hover=&#8221;0&#8243; button_two_letter_spacing_hover=&#8221;0&#8243; button_one_text_size__hover_enabled=&#8221;off&#8221; button_two_text_size__hover_enabled=&#8221;off&#8221; button_one_text_color__hover_enabled=&#8221;off&#8221; button_two_text_color__hover_enabled=&#8221;off&#8221; button_one_border_width__hover_enabled=&#8221;off&#8221; button_two_border_width__hover_enabled=&#8221;off&#8221; button_one_border_color__hover_enabled=&#8221;off&#8221; button_two_border_color__hover_enabled=&#8221;off&#8221; button_one_border_radius__hover_enabled=&#8221;off&#8221; button_two_border_radius__hover_enabled=&#8221;off&#8221; button_one_letter_spacing__hover_enabled=&#8221;on&#8221; button_one_letter_spacing__hover=&#8221;0&#8243; button_two_letter_spacing__hover_enabled=&#8221;on&#8221; button_two_letter_spacing__hover=&#8221;0&#8243; button_one_bg_color__hover_enabled=&#8221;off&#8221; button_two_bg_color__hover_enabled=&#8221;off&#8221; _i=&#8221;0&#8243; _address=&#8221;2.0&#8243;][\/et_pb_fullwidth_header][\/et_pb_section][et_pb_section fb_built=&#8221;1&#8243; admin_label=&#8221;section&#8221; _builder_version=&#8221;3.22&#8243; collapsed=&#8221;off&#8221; fb_built=&#8221;1&#8243; _i=&#8221;3&#8243; _address=&#8221;3&#8243;][et_pb_row column_structure=&#8221;2_3,1_3&#8243; admin_label=&#8221;row&#8221; _builder_version=&#8221;3.25&#8243; background_size=&#8221;initial&#8221; background_position=&#8221;top_left&#8221; background_repeat=&#8221;repeat&#8221; _i=&#8221;0&#8243; _address=&#8221;3.0&#8243;][et_pb_column type=&#8221;2_3&#8243; _builder_version=&#8221;3.25&#8243; custom_padding=&#8221;|||&#8221; custom_padding__hover=&#8221;|||&#8221; _i=&#8221;0&#8243; _address=&#8221;3.0.0&#8243;][et_pb_tabs admin_label=&#8221;Tabs&#8221; _builder_version=&#8221;3.0.87&#8243; background_size=&#8221;initial&#8221; background_position=&#8221;top_left&#8221; background_repeat=&#8221;repeat&#8221; use_border_color=&#8221;off&#8221; border_color=&#8221;#ffffff&#8221; border_style=&#8221;solid&#8221; _i=&#8221;0&#8243; _address=&#8221;3.0.0.0&#8243;][et_pb_tab title=&#8221;2010-&#8221; _builder_version=&#8221;3.0.48&#8243; background_size=&#8221;initial&#8221; background_position=&#8221;top_left&#8221; background_repeat=&#8221;repeat&#8221; _i=&#8221;0&#8243; _address=&#8221;3.0.0.0.0&#8243;]KIVENLAHDEN METROKESKUS, ESPOO<br \/>\nJoukkoliikenneterminaalin ja alueen maank\u00e4yt\u00f6n suunnittelu 2016-<\/p>\n<p>HAGALUNDINKALLION MAANK\u00c4YTT\u00d6SUUNNITELMA<br \/>\nKeh\u00e4 I:n kattamisen maank\u00e4ytt\u00f6suunnitelma, Tapiola, Espoo 2016-<\/p>\n<p>VALTAKULMAN KEHITT\u00c4MIS- JA LAAJENNUSSUUNNITELMA, HELSINKI<br \/>\nSOK:n suojellun tavaratalorakennuksen kehitt\u00e4minen 2012-<\/p>\n<p>LEPP\u00c4VAARAVISIO, ESPOO<br \/>\nLepp\u00e4vaaran visio m\u00e4\u00e4ritt\u00e4\u00e4 aluekeskuksen oleelliset kehitystarpeet ja ratkaisuperiaatteet kest\u00e4v\u00e4n kehityksen tavoitteiden mukaan, 2017<\/p>\n<p><a title=\"Tapiola center development project\" href=\"https:\/\/hkp.fi\/?project=tapiola-center-development-project\">TAPIOLAN KESKUSPROJEKTI<\/a><br \/>\nTapiolan metroaseman, bussiterminaalin, keskuspys\u00e4k\u00f6innin ja kiinteist\u00f6jen kehityshankkeiden kokoaminen, muokkaus ja yhteensovitus 2008\u2013\u00a0jatkuu<\/p>\n<p>Lis\u00e4rakentamistarkastelut ja asemakaavamuutosprosessin koordinointi<br \/>\nViitesuunnitelmat 1 ja 2, 2009, 2010 ja 2011\u00a0 2008\u2013<br \/>\nUseita kiinteist\u00f6kohtaisia luonnossuunnitelmia metroyhteyksineen 2008\u2013<\/p>\n<p><a title=\"Matinkyl\u00e4 Metrocenter\" href=\"https:\/\/hkp.fi\/?project=matinkyla-metrocenter\">MATINKYL\u00c4N METROKESKUS, ESPOO<\/a><br \/>\nViitesuunnitelma 2009\u20132012, toteutussuunnittelu 2012\u20132016<\/p>\n<p><a title=\"Omenatorni apartments\" href=\"https:\/\/hkp.fi\/?project=omenatorni-apartments\">OMENATORNI, ESPOO<\/a><br \/>\n16 kerrosta korkea asuinkerrostalo, valmistunut 2016<\/p>\n<p><a title=\"Tapiola Central Parking\" href=\"https:\/\/hkp.fi\/?project=tapiola-central-parking\">TAPIOLAN KESKUSPYS\u00c4K\u00d6INTI, ESPOO<\/a><br \/>\nTapiolan keskustan alle levittyv\u00e4 suuri pys\u00e4k\u00f6intilaitos, valmistunut 2016<\/p>\n<p><a title=\"Matinkyl\u00e4 metro station\" href=\"https:\/\/hkp.fi\/?project=matinkyla-metro-station\">MATINKYL\u00c4N METROASEMA, ESPOO<\/a><br \/>\nL\u00e4nsimetron 1. vaiheen p\u00e4\u00e4teasema, valmistuu 2017<\/p>\n<p><a title=\"Urheilupuisto metro station\" href=\"https:\/\/hkp.fi\/?project=urheilupuisto-metro-station\">URHEILUPUISTON METROASEMA, ESPOO<\/a><br \/>\nL\u00e4nsimetron asema, valmistuu 2017<\/p>\n<p><a title=\"Jousenpuisto parking house\" href=\"https:\/\/hkp.fi\/?project=urheilupuisto-parking-house\">JOUSENPUISTON PYS\u00c4K\u00d6INTILAITOS, ESPOO<\/a><br \/>\nSuuri yhteisk\u00e4ytt\u00f6inen pys\u00e4k\u00f6intilaitos, valmistunut 2016<\/p>\n<p><a title=\"Niittykumpu metro station\" href=\"https:\/\/hkp.fi\/?project=niittykumpu-metro-station\">NIITTYKUMMUN METROASEMA, ESPOO<\/a><br \/>\nL\u00e4nsimetron asema, valmistuu 2017<\/p>\n<p><a title=\"Iso Omena extension\" href=\"https:\/\/hkp.fi\/?project=iso-omena-extension\">ISON OMENAN LAAJENNUS, ESPOO<\/a><br \/>\nSuunnittelu rakennuslupaan asti 2015<\/p>\n<p>HELSINGIN YLIOPISTON SAAREN KLINIKKA, M\u00c4NTS\u00c4L\u00c4<br \/>\nPeruskorjaus- ja laajennussuunnitelma, rakennuslupaan asti 2015<\/p>\n<p><a title=\"Eventes Business Garden\" href=\"https:\/\/hkp.fi\/?project=eventes-business-garden\">EVENTES BUSINESS GARDEN, ESPOO<\/a><br \/>\nOutotec -yhti\u00f6n p\u00e4\u00e4konttori, valmistunut 2014<\/p>\n<p><a title=\"Tapionaukio parking house\" href=\"https:\/\/hkp.fi\/?project=tapionaukio-parking-house\">TAPIONAUKION PYS\u00c4K\u00d6INTILAITOS, ESPOO<\/a><br \/>\nValmistunut 2013<\/p>\n<p><a title=\"Office building Safiiri\" href=\"https:\/\/hkp.fi\/?project=safiiri\">TOIMISTOKESKUS SAFIIRI, ESPOO<\/a><br \/>\nKahdessa vaiheessa valmistunut toimistorakennus, 2011 ja 2013<\/p>\n<p><a title=\"Shopping center Willa\" href=\"https:\/\/hkp.fi\/?project=shopping-center-willa\">KAUPPAKESKUS WILLA, HYVINK\u00c4\u00c4<\/a><br \/>\nValmistunut 2012<\/p>\n<p><a title=\"Restaurant Puro\" href=\"https:\/\/hkp.fi\/?project=restaurant-puro\">RAVINTOLA PURO, HELSINKI<\/a><br \/>\nValmistunut 2012<\/p>\n<p><a title=\"Pisara underground railway\" href=\"https:\/\/hkp.fi\/?project=pisara-underground-railway\">PISARA-RATA, HELSINKI<br \/>\n<\/a>Yleissuunnitelma ja ymp\u00e4rist\u00f6vaikutusten arviointi 2011\u201312<br \/>\nSITO Oy:n kanssa<\/p>\n<p><a title=\"S\u00e4hk\u00f6talo\" href=\"https:\/\/hkp.fi\/?project=sahkotalo\">S\u00c4HK\u00d6TALON KORJAUS- JA MUUTOSTY\u00d6T, HELSINKI<\/a><br \/>\n2006\u20132011<\/p>\n<p>TAPIOLAN KESKUSPROJEKTI<br \/>\nTapiolan Galleriatilojen luonnossuunnitelma 2010\u20132011<\/p>\n<p><a title=\"Central Pasila\" href=\"https:\/\/hkp.fi\/?project=central-pasila\">KESKI-PASILA, HELSINKI<\/a><br \/>\nAlueen tila- ja toimintakaavio sek\u00e4 viitesuunnitelmia 2009\u20132011<br \/>\n[\/et_pb_tab][et_pb_tab title=&#8221;2000-luku&#8221; _builder_version=&#8221;3.0.48&#8243; background_size=&#8221;initial&#8221; background_position=&#8221;top_left&#8221; background_repeat=&#8221;repeat&#8221; _i=&#8221;1&#8243; _address=&#8221;3.0.0.0.1&#8243;]<a title=\"L\u00e4nsisatama 2020\" href=\"https:\/\/hkp.fi\/?project=lansisatama-2020\">L\u00c4NSISATAMA 2020, HELSINKI<\/a><br \/>\nSatama-alueen maank\u00e4yt\u00f6n suunnitelmia 2006\u20132010<\/p>\n<p><a title=\"Tapiola center development project\" href=\"https:\/\/hkp.fi\/?project=tapiola-center-development-project\">TAPIOLAN KESKUSPROJEKTI<\/a><br \/>\nMerituulentien uudistuksen yleissuunnitelma 2009<\/p>\n<p><a title=\"Helsinki eastern metro\" href=\"https:\/\/hkp.fi\/?project=helsinki-eastern-metro\">IT\u00c4METRON ESISELVITYS, HELSINKI<\/a><br \/>\nMetron jatkaminen it\u00e4\u00e4n 2008\u20132009<br \/>\nYhteisty\u00f6ss\u00e4 SITO OY:n kanssa<\/p>\n<p><a title=\"Entresse library\" href=\"https:\/\/hkp.fi\/?project=entresse-library\">ESPOON ALUEKIRJASTO ENTRESSE<\/a><br \/>\nValmistunut 2008<\/p>\n<p>T\u00d6\u00d6L\u00d6-PASILA METROLINJA, HELSINKI<br \/>\nT\u00f6\u00f6l\u00f6n metrolinjan tarkistaminen ja Pasilan metroaseman vaihtoehdot 2008<\/p>\n<p><a title=\"Tapiola Central Parking\" href=\"https:\/\/hkp.fi\/?project=tapiola-central-parking\">TAPIOLAN KESKUSPYS\u00c4K\u00d6INNIN JA HUOLLON HANKESUUNNITELMAT<\/a><br \/>\n2007\u20132008<\/p>\n<p><a title=\"Voimala Cultural Center\" href=\"https:\/\/hkp.fi\/?project=voimala\">KULTTUURIKESKUS VOIMALA, RIIHIM\u00c4KI 2006\u20132008<\/a><br \/>\nVanhan voimalarakennuksen muutos- ja korjaussuunnitelma rakennuslupapiirustukseen asti<\/p>\n<p><a title=\"Entresse\" href=\"https:\/\/hkp.fi\/?project=entresse\">LIIKE- JA PALVELUKESKUS ENTRESSE, ESPOON KESKUS<\/a><br \/>\nEsisuunnitelma 2003, toteutus 2006\u201308<\/p>\n<p><a title=\"Riihim\u00e4ki travel center\" href=\"https:\/\/hkp.fi\/?project=riihimaki-travel-center\">RIIHIM\u00c4EN MATKAKESKUS<\/a><br \/>\nMatka- ja liikekeskus, toimistoja, pys\u00e4k\u00f6intitiloja. Valmistunut 2008<\/p>\n<p><a title=\"Elektroni shopping center\" href=\"https:\/\/hkp.fi\/?project=elektroni-shopping-center\">LIIKEKESKUS ELEKTRONI, RIIHIM\u00c4KI<\/a><br \/>\nValmistunut 2007<\/p>\n<p>TAPIOLAN METROASEMAN YMP\u00c4RIST\u00d6N KAUPUNKIRAKENTEELLINEN SELVITYS<br \/>\nMetroaseman sijoitusvaihtoehdot, 2007<\/p>\n<p>VUOSAAREN SATAMA, HELSINKI<br \/>\nKorttelisuunnitelmia 2007\u20132009<\/p>\n<p>KAMPIN METROASEMAN LAAJENNUS, HELSINKI<br \/>\n2007<\/p>\n<p><a title=\"Helsinki University Veterinary Teaching Hospital\" href=\"https:\/\/hkp.fi\/?project=helsinki-university-veterinary-teaching-hospital\">HELSINGIN YLIOPISTON VIIKIN EL\u00c4INSAIRAALA<\/a><br \/>\nKutsukilpailu 2002, valmistunut 2006<\/p>\n<p>HYVINK\u00c4\u00c4N KESKUSKORTTELI<br \/>\nKehitt\u00e4misselvityksi\u00e4 2005<\/p>\n<p>TAPIOLAN KESKUSTAN KEHITT\u00c4MISSELVITYS<br \/>\n2005<\/p>\n<p>RIIHIM\u00c4EN ATOMI-KORTTELI JA MATKAKESKUS<br \/>\nAlueen kehitt\u00e4missuunnitelma 2005<\/p>\n<p>VUOSAAREN SATAMAKESKUS, HELSINKI<br \/>\nOsa-alueiden asemakaavallisia selvityksi\u00e4 2005\u2013<\/p>\n<p>ESPOON KESKUS<br \/>\nAsemanseudun yleissuunnitelma 2004<br \/>\nKortteli- ja toteutussuunnitelmia 2005\u2013<\/p>\n<p><a title=\"Aalto University TUAS building\" href=\"https:\/\/hkp.fi\/?project=aalto-university-tuas-building\">TKK TUAS-RAKENNUS, ESPOO<\/a><br \/>\nKutsukilpailu 1. palkinto 2000, toteutus 2001\u20132003<\/p>\n<p>HELSINGIN KAUPUNGIN KESKUSPELASTUSASEMA<br \/>\nPeruskorjauksen hankesuunnitelma 2002<\/p>\n<p>RASTILAN HOTELLI, HELSINKI<br \/>\nViitesuunnitelma 2002<\/p>\n<p>HELSINGIN VILLAKEHR\u00c4\u00c4M\u00d6, LAUTTASAARI<br \/>\nTeollisuuskiinteist\u00f6st\u00e4 toimitiloja, esisuunnitelma 1996 ja 2001<\/p>\n<p><a title=\"Office building for Optiroc\" href=\"https:\/\/hkp.fi\/?project=office-building-for-optiroc\">TOIMISTORAKENNUS STR\u00d6MBERGINKUJA 2, HELSINKI<\/a><br \/>\nUsean k\u00e4ytt\u00e4j\u00e4n toimistorakennus 2001<\/p>\n<p><a title=\"Finnish Institute of Occupational Health\" href=\"https:\/\/hkp.fi\/?project=finnish-institute-of-occupational-health\">TY\u00d6TERVEYSLAITOKSEN VANHAN OSAN PERUSKORJAUS, HELSINKI<\/a><br \/>\n50-luvun potilasrakennuksesta peruskorjattu osa, 2001<\/p>\n<p>TOIMISTOTALOT SAFIIRI JA OMEGA, ESPOO<br \/>\nKutsukilpailu 2001, ensimm\u00e4inen palkinto<\/p>\n<p><a title=\"It\u00e4keskus shopping center\" href=\"https:\/\/hkp.fi\/?project=itakeskus-shopping-center\">IT\u00c4KESKUKSEN KAUPPAKESKUS, HELSINKI<\/a><br \/>\nRakennusvaihe 3, valmistui 2001<\/p>\n<p>T\u00d6\u00d6L\u00d6NLAHDEN PYS\u00c4K\u00d6INTILAITOS, HELSINKI<br \/>\nKalliorakenteinen halli, 700 pys\u00e4k\u00f6intipaikkaa, luonnossuunnitelma 2000<\/p>\n<p><a title=\"Finnish Institute of Occupational Health\" href=\"https:\/\/hkp.fi\/?project=finnish-institute-of-occupational-health\">TY\u00d6TERVEYSLAITOKSEN UUDISRAKENNUS, HELSINKI<\/a><br \/>\nLaboratoriotalo 1997\u20132000, Senaatti-kiinteist\u00f6jen \u201dVuoden rakennushanke 2000\u201d<\/p>\n<p><a title=\"Hotel Scandic Simonkentt\u00e4\" href=\"https:\/\/hkp.fi\/?project=hotel-scandic-simonkentta\">SCANDIC HOTEL SIMONKENTT\u00c4, HELSINKI<\/a><br \/>\n365 huoneen hotelli sek\u00e4 ravintola- ja liiketiloja, valmistui 2000<\/p>\n<p>NORTHERN INSTITUTE OF TECHNOLOGY, HAMPURI <span style=\"color: #800000;\">*<\/span><br \/>\nOppilasasuntola ja yrityshautomo 2000<\/p>\n<p>KALASATAMA, HELSINKI<br \/>\nMetroasema ja keskuskortteli, esisuunnitelma 2000<\/p>\n<p>KORTTELIN 4008 YMP\u00c4RIST\u00d6SUUNNITELMA, Helsinki<br \/>\nPuistikoiden, aukioiden ja v\u00e4ylien yleissuunnitelma 2000<\/p>\n<hr \/>\n<p><span style=\"color: #800000;\">*<\/span> merkityt yhteisty\u00f6projekteja saksalaisen Architekturb\u00fcro P+R kanssa.<\/p>\n<p>HKP:n osuus painottui arkkitehtikilpailuehdotuksiin sek\u00e4 luonnos- ja p\u00e4\u00e4piirustussuunnitteluun toteutussuunnittelun j\u00e4\u00e4dess\u00e4 saksalaiselle yhteisty\u00f6kumppanille.<\/p>\n<p>&nbsp;<br \/>\n[\/et_pb_tab][et_pb_tab title=&#8221;1990-luku&#8221; _builder_version=&#8221;3.0.48&#8243; background_size=&#8221;initial&#8221; background_position=&#8221;top_left&#8221; background_repeat=&#8221;repeat&#8221; _i=&#8221;2&#8243; _address=&#8221;3.0.0.0.2&#8243;]<a title=\"National Bureau of Investigation headquarters\" href=\"https:\/\/hkp.fi\/?project=national-bureau-of-investigation-headquarters\">KESKUSRIKOSPOLIISIN TOIMITALON LAAJENNUS<\/a><br \/>\nSis\u00e4lt\u00e4\u00e4 mm. Interpolin tiloja, 1999<\/p>\n<p>TECHNISCHE UNIVERSIT\u00c4T HAMBURG-HARBURG,\u00a0IV BAUABSCHNITT <span style=\"color: #800000;\">*<\/span><br \/>\nYleinen kilpailu 1993, auditorio ja hallintorakennus 1994\u201399<\/p>\n<p>H\u00c4MEENLINNAN AMMATILLINEN OPETTAJAKORKEAKOULU<br \/>\nKorjaus- ja muutosty\u00f6, toteutus kolmessa vaiheessa 1992\u201398<\/p>\n<p>PIKKUPARLAMENTIN ALUEEN UUDISRAKENTAMINEN, HELSINKI<br \/>\n<span style=\"line-height: 1.5;\">Asemakaavallinen ja kaupunkikuvallinen tarkastelu 1997<\/span><\/p>\n<p><a title=\"Restaurant T\u00f6\u00f6l\u00f6nranta\" href=\"https:\/\/hkp.fi\/?project=restaurant-toolonranta\">RAVINTOLA T\u00d6\u00d6L\u00d6NRANTA, HELSINKI<\/a><br \/>\nPuistoymp\u00e4rist\u00f6\u00f6n sijoittuva rantaravintola, useita luonnosvaihtoehtoja eri rakennuttajille, valmistui 1996<\/p>\n<p><a title=\"Keuruu library\" href=\"https:\/\/hkp.fi\/?project=keuruu-library\">KEURUUN KAUPUNGIN P\u00c4\u00c4KIRJASTO<\/a><br \/>\nKutsukilpailu 1996, toteutus 1999<\/p>\n<p>L\u00c4\u00c4KELAITOKSEN MUUTOSTY\u00d6T JA LIS\u00c4RAKENNUS<br \/>\nPeruskorjaus- ja uudisrakennusosa, valmistuivat 1997<\/p>\n<p>H\u00c4MEEN L\u00c4\u00c4NINHALLITUS<br \/>\nL\u00e4\u00e4ninhallituksen virastotalon peruskorjaus 1996\u201397<\/p>\n<p>GROSSER DREESCH, SCHWERIN <span style=\"color: #800000;\">*<\/span><br \/>\nAsuntoalue 1994, palvelu- ja liikekeskus 1996<\/p>\n<p><a title=\"LM Ericsson AB\" href=\"https:\/\/hkp.fi\/?project=lm-ericsson\">OY LM ERICSSON AB, KIRKKONUMMI<\/a><br \/>\nVanhan osan muutos- ja peruskorjaus, toteutus 1996<\/p>\n<p><a title=\"LM Ericsson AB\" href=\"https:\/\/hkp.fi\/?project=lm-ericsson\">OY LM ERICSSON AB, KIRKKONUMMI<\/a><br \/>\nToimistotalo, kutsukilpailu 1994, toteutus 1996<\/p>\n<p>REITBAHNWEG, NEUBRANDENBURG<br \/>\nL\u00e4hi\u00f6n parantamis- ja ymp\u00e4rist\u00f6suunnitelma 1994\u201395<\/p>\n<p>BRODA 5 ja 6, NEUBRANDENBURG<br \/>\nPientalovaltaisen asuntoalueen asemakaavat, 1993\u201394<\/p>\n<p>VERWALTUNGSZENTRUM, STRALSUND <span style=\"color: #800000;\">*<\/span><br \/>\nStralsundin oikeustalo 1994\u201395<\/p>\n<p><a title=\"National Bureau of Investigation headquarters\" href=\"https:\/\/hkp.fi\/?project=national-bureau-of-investigation-headquarters\">KESKUSRIKOSPOLIISIN TOIMITALO, VANTAA<\/a><br \/>\nToimisto-, rikostutkimus- ja koulutustiloja 1994<\/p>\n<p>ASUINKERROSTALOT BERTHA VON S\u00dcTTNERSTRASSE, SCHWERIN <span style=\"color: #800000;\">*<\/span><br \/>\nValmistunut 1994<\/p>\n<p><a title=\"It\u00e4keskus swimming hall\" href=\"https:\/\/hkp.fi\/?project=itakeskus-swimming-hall\">IT\u00c4KESKUKSEN UIMAHALLI, HELSINKI<\/a><br \/>\nMaanalainen uimahalli-v\u00e4est\u00f6nsuojarakennus, 1993<\/p>\n<p>SUONENJOEN MAATALOUSOPPILAITOS<br \/>\nKutsukilpailu 1986, toteutus kolmessa vaiheessa 1989\u201393<\/p>\n<p><a title=\"Finnish National Opera\" href=\"https:\/\/hkp.fi\/?project=the-opera-house\">OOPPERATALO, HELSINKI<\/a><br \/>\n2-vaiheinen avoin arkkitehtikilpailu 1975\u201377, toteutus 1985\u201393<\/p>\n<p><a title=\"It\u00e4keskus shopping center\" href=\"https:\/\/hkp.fi\/?project=itakeskus-shopping-center\">IT\u00c4KESKUKSEN KAUPPAKESKUS, HELSINKI<\/a><br \/>\nRakennusvaiheet 2-3, 1992<\/p>\n<p>NAANTALIN SATAMAN SEUDUN OSAYLEISKAAVA<br \/>\nVahvistettavan osayleiskaavan pinta-ala 60 ha, 1992<\/p>\n<p>GROSSER DREESCH, SCHWERIN<br \/>\nL\u00e4hi\u00f6n uudistaminen, kutsukilpailu 1992, 1. palkinto<\/p>\n<p>TURUN IT\u00c4INEN ALUEKESKUS<br \/>\nAsemakaavallinen selvitys ja esiluonnos rakennuksista, 1992<\/p>\n<p>OOPPERATALON YMP\u00c4RIST\u00d6SUUNNITELMA<br \/>\nPuisto- ja liikennej\u00e4rjestelyt 1991\u201392<\/p>\n<p>SUONENJOEN KAUPUNGINKIRJASTO<br \/>\nValmistunut\u00a01991<\/p>\n<hr \/>\n<p>&nbsp;<\/p>\n<p><span style=\"color: #800000;\">*<\/span> merkityt yhteisty\u00f6projekteja saksalaisen Architekturb\u00fcro P+R kanssa.<\/p>\n<p>HKP:n osuus painottui arkkitehtikilpailuehdotuksiin sek\u00e4 luonnos- ja p\u00e4\u00e4piirustussuunnitteluun toteutussuunnittelun j\u00e4\u00e4dess\u00e4 saksalaiselle yhteisty\u00f6kumppanille.<br \/>\n[\/et_pb_tab][et_pb_tab title=&#8221;1980-luku&#8221; _builder_version=&#8221;3.0.48&#8243; background_size=&#8221;initial&#8221; background_position=&#8221;top_left&#8221; background_repeat=&#8221;repeat&#8221; _i=&#8221;3&#8243; _address=&#8221;3.0.0.0.3&#8243;]KONTULAN TERVEYSKESKUS, HELSINKI<br \/>\nTerveysaseman uudisrakennus, 1988<\/p>\n<p>VALTION HEVOSJALOSTUSLAITOS, YP\u00c4J\u00c4<br \/>\nUudisrakennukset ja peruskorjaus 1986\u201388<\/p>\n<p>KONTULAN ASEMAKESKUS, HELSINKI<br \/>\nMuutosty\u00f6t ja uudisrakennukset 1987\u201388<\/p>\n<p>LOHJAN KESKUSTA<br \/>\nKauppatorin ymp\u00e4rist\u00f6n asemakaava 1985\u201388<\/p>\n<p>KIINTEIST\u00d6 OY AGENTTITALO, HELSINKI<br \/>\nToimistorakennus 1986<\/p>\n<p>VARKAUDEN KAUPUNGIN P\u00c4\u00c4KIRJASTO<br \/>\nValmistunut\u00a01985<\/p>\n<p>LOHJAN ASEMA<br \/>\nKatuymp\u00e4rist\u00f6n kehitt\u00e4missuunnitelma 1985<\/p>\n<p>VIRKKALAN KESKUSTA, LOHJAN MAALAISKUNTA<br \/>\nKutsukilpailu 1984, kaavaluonnos 1985<\/p>\n<p>KAMPIN METROASEMA, HELSINKI<br \/>\nArkkitehtikilpailu 1971, toteutus 1983<\/p>\n<p>KOULU- JA KULTTUURIKESKUS, ESPOON KESKUS<br \/>\nKaavallinen selvitys sek\u00e4 viitesuunnitelmat, 1982<\/p>\n<p>VARKAUDEN TEATTERITALO<br \/>\n350 katsojapaikkaa, esisuunnitelma 1982<\/p>\n<p>PIENTALOTYYPIST\u00d6J\u00c4<br \/>\nTiilikeskus Oy:lle 1968\u201381<\/p>\n<p>PARITALO, ESPOO FRIISIL\u00c4<br \/>\n1981<br \/>\n[\/et_pb_tab][et_pb_tab title=&#8221;1970-luku&#8221; _builder_version=&#8221;3.0.48&#8243; background_size=&#8221;initial&#8221; background_position=&#8221;top_left&#8221; background_repeat=&#8221;repeat&#8221; _i=&#8221;4&#8243; _address=&#8221;3.0.0.0.4&#8243;]JYV\u00c4SKYL\u00c4N KAUPUNGIN P\u00c4\u00c4KIRJASTO JA TY\u00d6V\u00c4ENOPISTO<br \/>\nArkkitehtikilpailu 1975, valmistunut\u00a01980<\/p>\n<p>MALMIN ALUEKESKUS, KORTTELI 38109<br \/>\nAsemakaavaluonnos, 1977\u201378<\/p>\n<p>KRUUNUNHAKA, KORTTELI 7\/3,7,10<br \/>\nKorttelin k\u00e4ytt\u00f6suunnitelma, asemakaavaluonnos, 1975<\/p>\n<p>KAJAANIN HALLINTOKESKUS<br \/>\nArkkitehtikilpailu 1973, toteutus 1976, kauppatori 1977<\/p>\n<p>SUONENJOEN KESKUSKORTTELI<br \/>\nArkkitehtikilpailu 1968, toteutus 1971\u201375<\/p>\n<p>RIVITALO UIMARANNANTIE 23, HELSINKI<br \/>\n1975<\/p>\n<p>RIVITALORYHM\u00c4 KARHUSUONTIE 41, HELSINKI<br \/>\n1973<\/p>\n<p>LEIRIHARJUN KURSSIKESKUS, SAARIJ\u00c4RVI<br \/>\n1972<\/p>\n<p>SAARIJ\u00c4RVEN SEURAKUNTATALO<br \/>\nKutsukilpailu 1966, toteutus 1968<br \/>\n[\/et_pb_tab][\/et_pb_tabs][\/et_pb_column][et_pb_column type=&#8221;1_3&#8243; _builder_version=&#8221;3.25&#8243; custom_padding=&#8221;|||&#8221; custom_padding__hover=&#8221;|||&#8221; _i=&#8221;1&#8243; _address=&#8221;3.0.1&#8243;][\/et_pb_column][\/et_pb_row][\/et_pb_section]<\/p>\n","protected":false},"excerpt":{"rendered":"<p>KIVENLAHDEN METROKESKUS, ESPOO Joukkoliikenneterminaalin ja alueen maank\u00e4yt\u00f6n suunnittelu 2016- HAGALUNDINKALLION MAANK\u00c4YTT\u00d6SUUNNITELMA Keh\u00e4 I:n kattamisen maank\u00e4ytt\u00f6suunnitelma, Tapiola, Espoo 2016- VALTAKULMAN KEHITT\u00c4MIS- JA LAAJENNUSSUUNNITELMA, HELSINKI SOK:n suojellun tavaratalorakennuksen kehitt\u00e4minen 2012- LEPP\u00c4VAARAVISIO, ESPOO Lepp\u00e4vaaran visio m\u00e4\u00e4ritt\u00e4\u00e4 aluekeskuksen oleelliset kehitystarpeet ja ratkaisuperiaatteet kest\u00e4v\u00e4n kehityksen tavoitteiden mukaan, 2017 TAPIOLAN KESKUSPROJEKTI Tapiolan metroaseman, bussiterminaalin, keskuspys\u00e4k\u00f6innin ja kiinteist\u00f6jen kehityshankkeiden kokoaminen, muokkaus ja [&hellip;]<\/p>\n","protected":false},"author":1,"featured_media":0,"parent":22,"menu_order":0,"comment_status":"closed","ping_status":"closed","template":"","meta":{"_et_pb_use_builder":"on","_et_pb_old_content":"","_et_gb_content_width":"","footnotes":""},"class_list":["post-2079","page","type-page","status-publish","hentry"],"_links":{"self":[{"href":"https:\/\/hkp.fi\/index.php?rest_route=\/wp\/v2\/pages\/2079","targetHints":{"allow":["GET"]}}],"collection":[{"href":"https:\/\/hkp.fi\/index.php?rest_route=\/wp\/v2\/pages"}],"about":[{"href":"https:\/\/hkp.fi\/index.php?rest_route=\/wp\/v2\/types\/page"}],"author":[{"embeddable":true,"href":"https:\/\/hkp.fi\/index.php?rest_route=\/wp\/v2\/users\/1"}],"replies":[{"embeddable":true,"href":"https:\/\/hkp.fi\/index.php?rest_route=%2Fwp%2Fv2%2Fcomments&post=2079"}],"version-history":[{"count":68,"href":"https:\/\/hkp.fi\/index.php?rest_route=\/wp\/v2\/pages\/2079\/revisions"}],"predecessor-version":[{"id":3475,"href":"https:\/\/hkp.fi\/index.php?rest_route=\/wp\/v2\/pages\/2079\/revisions\/3475"}],"up":[{"embeddable":true,"href":"https:\/\/hkp.fi\/index.php?rest_route=\/wp\/v2\/pages\/22"}],"wp:attachment":[{"href":"https:\/\/hkp.fi\/index.php?rest_route=%2Fwp%2Fv2%2Fmedia&parent=2079"}],"curies":[{"name":"wp","href":"https:\/\/api.w.org\/{rel}","templated":true}]}}